= -2*z + 495. Let y be c(0). Calculate the greatest common factor of 45 and y.
45
Let j(l) = l**3 + 4*l - 3. Let m be j(2). Suppose 513 = 29*d + 136. Calculate the greatest common factor of d and m.
13
Let d(j) = j - 6. Let u be d(6). Suppose m + 4*g - 61 = u, m + m = 3*g + 89. Let f = m + -28. What is the highest common factor of f and 105?
21
Suppose 0 = 5*k - 63 - 7. Calculate the highest common factor of k and 35.
7
Suppose 0 = 5*c - 8*c. Suppose -o + c = -11. What is the highest common divisor of 33 and o?
11
Suppose 2*h + 2*h - 60 = 0. Let m = h + -11. What is the highest common divisor of 32 and m?
4
Suppose 0 = 4*w - 116 + 4. Let a be 3/9 + (-60)/(-9). Calculate the highest common divisor of w and a.
7
Let v be (2 + 0)*1 - -9. What is the greatest common factor of 1 and v?
1
Let d = 24 + -13. Suppose -j - 5 = 0, -15 - 8 = c + 5*j. Suppose c*m - 3*m = -11. What is the greatest common divisor of d and m?
11
Suppose 5*d + 2*c = 410, -5*c + 4 = -21. Calculate the greatest common divisor of 20 and d.
20
Let u = -7 - -18. Let v = -8 + 8. Let j(m) = m**2 + m + 44. Let s be j(v). Calculate the highest common factor of s and u.
11
Let j = 92 - 64. What is the highest common factor of 7 and j?
7
Let u be (5 + -2)*173/3. Let y = u - 77. Suppose 0 = -b - 1 + 13. Calculate the greatest common factor of y and b.
12
Suppose -12*b = -9 - 3. Calculate the greatest common factor of 4 and b.
1
Let q(n) = n**2 + n - 21. Let s be q(7). What is the greatest common factor of 245 and s?
35
Let b(g) = -5*g**3 - 14*g**2 + 2*g + 15. Let h(j) = j**3 + j**2 - 1. Let i(u) = -b(u) - 6*h(u). Let o be i(5). What is the highest common divisor of 7 and o?
7
Suppose 0 = -0*f - 4*f. Suppose 2*m + 2*m + 3*j = 215, -2*j - 6 = f. Suppose -5*b + 13 = -27. Calculate the highest common factor of m and b.
8
Let o(j) = -49*j - 2. Let i be o(-4). Let c = i - 122. Let x be 1/2 + 34/4. Calculate the greatest common divisor of x and c.
9
Suppose -3*c = 2*i - 5 - 18, -4*c = -20. Let l be 4/(1*3/6). What is the highest common factor of i and l?
4
Let p = -137 - -144. Let c = 8 - 4. Suppose c*l = -18 + 102. Calculate the greatest common divisor of p and l.
7
Suppose -3*w = -w - 10. Suppose -w*m - y + 125 = 4*y, 5*y + 15 = 0. Calculate the greatest common divisor of m and 42.
14
Suppose -2*r = -2*f + 44, -5*r + 24 - 107 = -4*f. Calculate the highest common divisor of f and 3.
3
Suppose 4*n - 33 = 47. What is the highest common factor of n and 5?
5
Let q be (-132)/9*(-11 - 1). Suppose -5*v - r = -85, 0*r + 5*r + 39 = 4*v. What is the greatest common factor of q and v?
16
Suppose -5*g - 3*o + 113 = 0, 4*g + 1 = -o + 97. What is the highest common factor of g and 125?
25
Let s(j) = -j**2 - 10*j + 16. Let v be s(-11). Suppose 4*i = v*z - 7, z + 11 = 6*z - 2*i. Calculate the greatest common divisor of 21 and z.
3
Let x(l) = 3*l - 7. Let j be x(9). Let v be 8/j - 116/(-10). Calculate the greatest common factor of 132 and v.
12
Let c be (-2 - -3) + (-96)/(-2). Suppose 3*j - 83 = -2*p + 8, -j + c = -4*p. Calculate the greatest common factor of 22 and j.
11
Let d be 6/3 - 496/(-4). Suppose -6 + 24 = t. What is the highest common divisor of t and d?
18
Let h(n) = 19*n + 2. Let y(x) = -x**3 + 3*x**2 - x. Let u be y(2). Let j be h(u). Let l be (2 - 0)/(1/8). Calculate the highest common factor of j and l.
8
Suppose 3*y = -5*n + 548, -n - 4*y + 100 = -y. What is the greatest common factor of 16 and n?
16
Let j(r) = -5*r - 3. Let k be j(-9). Calculate the greatest common divisor of k and 21.
21
Let u(n) = -n**2 - 5*n + 8. Let q be u(-7). Let d(b) = 2*b**2 + 7*b - 6. Let y be d(q). Calculate the greatest common divisor of y and 8.
8
Suppose 0 = 4*k - k - 117. Suppose -4*o = -k - 5. Suppose 0 = -4*u - 0*d + 2*d + 306, -4*u + 310 = 2*d. Calculate the greatest common factor of u and o.
11
Let i be (-20)/6*(-9)/3. Calculate the greatest common divisor of 50 and i.
10
Let o be (4*(-51)/6)/(-2). Let r = o + -11. Let y be 8 + -1 + 3 + -1. What is the greatest common divisor of r and y?
3
Suppose a = -2*l + 3, 0*a - 2*l = -2*a + 24. Let y be a*(6/2 - 2). Let k = 28 - 19. Calculate the greatest common factor of y and k.
9
Let b(g) = g**3 + g**2 + g - 2. Let q be b(6). What is the greatest common factor of q and 32?
32
Let c(p) = 5*p - 7*p + 3 + 5. Let v be c(-6). What is the greatest common factor of v and 60?
20
Let z = -47 + 67. Suppose -4*a = 3*u - 412, 4*a + 22 + 126 = u. Calculate the highest common divisor of z and u.
20
Let m(b) = -b**3 + 7*b**2 + 5*b + 9. Let q be m(7). What is the highest common factor of 110 and q?
22
Let y(v) = 9*v**2 - v. Suppose -4*f + 4 = -0*f. Let j be y(f). Let s be ((-2)/(-4))/(1/j). Calculate the greatest common factor of s and 12.
4
Suppose -2*i - 2 = 0, -4*g + 5*i = 2*i - 19. What is the greatest common divisor of g and 2?
2
Let s(w) = w**3 + 7*w**2 - w - 7. Let g be s(-7). Suppose g = j + 3*j - 8. Calculate the highest common factor of j and 14.
2
Let w = -123 - -129. What is the greatest common divisor of w and 96?
6
Suppose 0*z + 6*z - 42 = 0. Let d(m) = 27*m - 3. Let t be d(-3). Let u be (t/(-15))/(2/20). What is the highest common factor of u and z?
7
Suppose 0 = 5*u - 7 - 3. Suppose -3*h = -49 + 7. What is the greatest common divisor of u and h?
2
Let x be ((-154)/385)/(0 + (-1)/60). What is the greatest common factor of x and 8?
8
Let y = -168 - -303. Calculate the greatest common factor of y and 15.
15
Let g = 55 + -44. What is the highest common divisor of g and 143?
11
Suppose -4*w + 123 = -w. Suppose -p = -4*j + w, 0 = 2*j - j - 5*p - 15. What is the highest common factor of j and 60?
10
Let r be (-10)/15 - 290/(-3). Let t(f) = 4*f**2 + 3*f + 2. Let n be t(-2). Calculate the greatest common divisor of r and n.
12
Suppose 2 + 13 = s. Suppose 4*b = 2*k - 0*k - 128, 0 = 4*k + 2*b - 236. Calculate the highest common divisor of k and s.
15
Suppose 0 = 3*g - 124 - 17. Suppose -5*o + 62 + g = x, 0 = -2*o - 3*x + 41. Let y be -12*(o/(-8) + -1). Calculate the greatest common factor of 9 and y.
9
Suppose 5*i = -15, 2*i - 19 = -s + i. What is the greatest common divisor of 55 and s?
11
Suppose 5*c - 2*c - 15 = 0. Suppose 0*h = c*h - 15. Suppose -3*w + f = -75, -w = -0*w + h*f - 25. Calculate the highest common divisor of w and 5.
5
Let d = 14 - 9. What is the greatest common divisor of d and 2?
1
Let f = 1 - -55. Calculate the greatest common factor of 84 and f.
28
Let x be 4 - (-1)/((2/1)/8). Calculate the highest common factor of x and 12.
4
Let o = 162 + -87. What is the highest common factor of o and 15?
15
Suppose 0 = -5*k + 30 - 0. Let d = k + 5. Suppose -290 = -4*m + 18. What is the greatest common divisor of d and m?
11
Let n = 20 - 11. Suppose -3*t = 3*i - n, 5*t + i - 27 = -i. Let c be (-5)/(-15) - (-62)/3. What is the greatest common divisor of t and c?
7
Let r(b) = 3*b + 2. Let c be (-9)/(-2) - 2/(-4). Let h be r(c). What is the highest common divisor of h and 34?
17
Let b(y) = -y**3 - 3*y**2 + 1. Let q be b(-3). Let p be 5 + 6/(q - -1). Calculate the greatest common factor of 1 and p.
1
Suppose -2*a + 0*n + 8 = -3*n, -3*n + 62 = 5*a. What is the highest common factor of 30 and a?
10
Suppose -4*v + 0*v = -3*o + 46, v = 2*o - 24. What is the greatest common divisor of 40 and o?
10
Let c be (-1)/(-2*3/(-60)). Let g = 5 + c. Let j = 25 - g. Calculate the highest common factor of 6 and j.
6
Suppose 2*c = -3*c + 45. Let p(s) = -15*s - 6. Let r be p(-4). Calculate the greatest common divisor of r and c.
9
Suppose l - 10 = 4*q, 4*l = 3*q + 109 - 43. What is the greatest common factor of 2 and l?
2
Let n(o) = -o**2 - 18*o + 27. Let q be n(-19). Let g = -78 - -150. What is the greatest common factor of g and q?
8
Let c(h) = h**2 - 16*h + 15. Let l be c(14). Let x = 2 - l. Let d = -9 - -15. Calculate the highest common factor of d and x.
3
Let k = 7 - -1. Let s = k + -51. Let x = s - -65. Calculate the greatest common factor of x and 33.
11
Suppose a - 7 = -1. Let t(n) = -n**3 + 5*n**2 + 8*n - 1. Let f be t(a). What is the highest common divisor of 22 and f?
11
Suppose -4*y + 102 = -2*y. Suppose 0 = 3*d - 0*d - 15. Suppose d*u + 10 = 180. What is the greatest common divisor of y and u?
17
Suppose 0 = b - 4*b + 6. What is the greatest common factor of b and 3?
1
Suppos